{"id":49,"date":"2020-06-08T09:26:54","date_gmt":"2020-06-08T09:26:54","guid":{"rendered":"https:\/\/demo.keonthemes.com\/gutener\/demo9\/?page_id=30"},"modified":"2020-06-08T09:26:54","modified_gmt":"2020-06-08T09:26:54","slug":"a-cultursol","status":"publish","type":"page","link":"https:\/\/cultursol.org\/?page_id=49","title":{"rendered":"A CulturSOL"},"content":{"rendered":"\n<section id=\"gm739df5e\" class=\"wp-block-gutentor-m2 section-gm739df5e gutentor-module gutentor-dynamic-columns\"><div class=\"grid-container\"><div class=\"grid-row\">\n<div id=\"col-gm3390f3\" class=\"wp-block-gutentor-m2-col col-gm3390f3 gutentor-module gutentor-dynamic-single-column grid-lg-12 grid-md-4 grid-12\"><div id=\"section-gm3390f3\" class=\"section-gm3390f3 gutentor-single-col\">\n<div id=\"section-g79cd46\" class=\"wp-block-gutentor-e6 section-g79cd46 gutentor-element gutentor-element-image text-align-center-desktop\"><div class=\"gutentor-element-image-box\"><div class=\"gutentor-bg-image\"><\/div><\/div><\/div>\n\n\n\n<p style=\"font-size:23px\"><strong>A CULTURSOL \u00e9 uma associa\u00e7\u00e3o S\u00f3cio-Cultural de direito privado sem fins lucrativos, com sede na Freguesia de Alcabideche, Concelho de Cascais, constitu\u00edda por escritura p\u00fablica em 25 de Janeiro de 2007, que tem como objetivos:<\/strong><\/p>\n\n\n\n<div id=\"section-g611e40\" class=\"wp-block-gutentor-e7 section-g611e40 gutentor-element gutentor-element-list\"><ul class=\"grid-row gutentor-grid-item-wrap list-indicator-icon\"><li class=\"gutentor-list-item grid-lg-12 grid-md-12 grid-12\"><span class=\"gutentor-single-item gutentor-single-item-0\"><span class=\"gutentor-list-item-wrap\"><span class=\"gutentor-single-list-item-icon\"><i class=\"list-item-icon fas fa-arrow-right\"><\/i><\/span><span class=\"gutentor-list-item\"><p class=\"gutentor-single-item-title\">Promover e contribuir para a prote\u00e7\u00e3o e apoio aos grupos da popula\u00e7\u00e3o mais carenciados e desfavorecidos, principalmente as crian\u00e7as e os jovens, atrav\u00e9s da realiza\u00e7\u00e3o de a\u00e7\u00f5es a n\u00edvel da educa\u00e7\u00e3o e aprendizagem, atividades culturais e art\u00edsticas;<\/p><\/span><\/span><\/span><\/li><li class=\"gutentor-list-item grid-lg-12 grid-md-12 grid-12\"><span class=\"gutentor-single-item gutentor-single-item-1\"><span class=\"gutentor-list-item-wrap\"><span class=\"gutentor-single-list-item-icon\"><i class=\"list-item-icon fas fa-arrow-right\"><\/i><\/span><span class=\"gutentor-list-item\"><p class=\"gutentor-single-item-title\">Desenvolver projetos de integra\u00e7\u00e3o social, atrav\u00e9s de a\u00e7\u00f5es de preven\u00e7\u00e3o, de forma\u00e7\u00e3o e de encaminhamento, de forma a combater as causas e os efeitos da marginaliza\u00e7\u00e3o social;<\/p><\/span><\/span><\/span><\/li><li class=\"gutentor-list-item grid-lg-12 grid-md-12 grid-12\"><span class=\"gutentor-single-item gutentor-single-item-2\"><span class=\"gutentor-list-item-wrap\"><span class=\"gutentor-single-list-item-icon\"><i class=\"list-item-icon fas fa-arrow-right\"><\/i><\/span><span class=\"gutentor-list-item\"><p class=\"gutentor-single-item-title\">Apoiar a cria\u00e7\u00e3o e manuten\u00e7\u00e3o de equipamentos sociais destinados \u00e0s popula\u00e7\u00f5es carenciadas;<\/p><\/span><\/span><\/span><\/li><li class=\"gutentor-list-item grid-lg-12 grid-md-12 grid-12\"><span class=\"gutentor-single-item gutentor-single-item-3\"><span class=\"gutentor-list-item-wrap\"><span class=\"gutentor-single-list-item-icon\"><i class=\"list-item-icon fas fa-arrow-right\"><\/i><\/span><span class=\"gutentor-list-item\"><p class=\"gutentor-single-item-title\">Apoiar cidad\u00e3os sem abrigo, atrav\u00e9s do fornecimento de alimenta\u00e7\u00e3o, vestu\u00e1rio e cuidados b\u00e1sicos de higiene e sa\u00fade;<\/p><\/span><\/span><\/span><\/li><li class=\"gutentor-list-item grid-lg-12 grid-md-12 grid-12\"><span class=\"gutentor-single-item gutentor-single-item-4\"><span class=\"gutentor-list-item-wrap\"><span class=\"gutentor-single-list-item-icon\"><i class=\"list-item-icon fas fa-arrow-right\"><\/i><\/span><span class=\"gutentor-list-item\"><p class=\"gutentor-single-item-title\">Desenvolver projetos de solidariedade social e promover o interc\u00e2mbio de atividades sociais, culturais e art\u00edsticas com pa\u00edses de l\u00edngua oficial portuguesa;<\/p><\/span><\/span><\/span><\/li><li class=\"gutentor-list-item grid-lg-12 grid-md-12 grid-12\"><span class=\"gutentor-single-item gutentor-single-item-5\"><span class=\"gutentor-list-item-wrap\"><span class=\"gutentor-single-list-item-icon\"><i class=\"list-item-icon fas fa-arrow-right\"><\/i><\/span><span class=\"gutentor-list-item\"><p class=\"gutentor-single-item-title\">Desenvolver estudos, projetos e a\u00e7\u00f5es de forma\u00e7\u00e3o no \u00e2mbito da interven\u00e7\u00e3o comunit\u00e1ria.<\/p><\/span><\/span><\/span><\/li><\/ul><\/div>\n<\/div><\/div>\n<\/div><\/div><\/section>\n","protected":false},"excerpt":{"rendered":"","protected":false},"author":1,"featured_media":0,"parent":0,"menu_order":0,"comment_status":"closed","ping_status":"closed","template":"template-gutentor-full-width.php","meta":{"footnotes":""},"class_list":["post-49","page","type-page","status-publish","hentry"],"_links":{"self":[{"href":"https:\/\/cultursol.org\/index.php?rest_route=\/wp\/v2\/pages\/49","targetHints":{"allow":["GET"]}}],"collection":[{"href":"https:\/\/cultursol.org\/index.php?rest_route=\/wp\/v2\/pages"}],"about":[{"href":"https:\/\/cultursol.org\/index.php?rest_route=\/wp\/v2\/types\/page"}],"author":[{"embeddable":true,"href":"https:\/\/cultursol.org\/index.php?rest_route=\/wp\/v2\/users\/1"}],"replies":[{"embeddable":true,"href":"https:\/\/cultursol.org\/index.php?rest_route=%2Fwp%2Fv2%2Fcomments&post=49"}],"version-history":[{"count":0,"href":"https:\/\/cultursol.org\/index.php?rest_route=\/wp\/v2\/pages\/49\/revisions"}],"wp:attachment":[{"href":"https:\/\/cultursol.org\/index.php?rest_route=%2Fwp%2Fv2%2Fmedia&parent=49"}],"curies":[{"name":"wp","href":"https:\/\/api.w.org\/{rel}","templated":true}]}}

<section id="gm739df5e" class="wp-block-gutentor-m2 section-gm739df5e gutentor-module gutentor-dynamic-columns"><div class="grid-container"><div class="grid-row">
<div id="col-gm3390f3" class="wp-block-gutentor-m2-col col-gm3390f3 gutentor-module gutentor-dynamic-single-column grid-lg-12 grid-md-4 grid-12"><div id="section-gm3390f3" class="section-gm3390f3 gutentor-single-col">
<div id="section-g79cd46" class="wp-block-gutentor-e6 section-g79cd46 gutentor-element gutentor-element-image text-align-center-desktop"><div class="gutentor-element-image-box"><div class="gutentor-bg-image"></div></div></div>



<p style="font-size:23px"><strong>A CULTURSOL é uma associação Sócio-Cultural de direito privado sem fins lucrativos, com sede na Freguesia de Alcabideche, Concelho de Cascais, constituída por escritura pública em 25 de Janeiro de 2007, que tem como objetivos:</strong></p>



<div id="section-g611e40" class="wp-block-gutentor-e7 section-g611e40 gutentor-element gutentor-element-list"><ul class="grid-row gutentor-grid-item-wrap list-indicator-icon"><li class="gutentor-list-item grid-lg-12 grid-md-12 grid-12"><span class="gutentor-single-item gutentor-single-item-0"><span class="gutentor-list-item-wrap"><span class="gutentor-single-list-item-icon"><i class="list-item-icon fas fa-arrow-right"></i></span><span class="gutentor-list-item"><p class="gutentor-single-item-title">Promover e contribuir para a proteção e apoio aos grupos da população mais carenciados e desfavorecidos, principalmente as crianças e os jovens, através da realização de ações a nível da educação e aprendizagem, atividades culturais e artísticas;</p></span></span></span></li><li class="gutentor-list-item grid-lg-12 grid-md-12 grid-12"><span class="gutentor-single-item gutentor-single-item-1"><span class="gutentor-list-item-wrap"><span class="gutentor-single-list-item-icon"><i class="list-item-icon fas fa-arrow-right"></i></span><span class="gutentor-list-item"><p class="gutentor-single-item-title">Desenvolver projetos de integração social, através de ações de prevenção, de formação e de encaminhamento, de forma a combater as causas e os efeitos da marginalização social;</p></span></span></span></li><li class="gutentor-list-item grid-lg-12 grid-md-12 grid-12"><span class="gutentor-single-item gutentor-single-item-2"><span class="gutentor-list-item-wrap"><span class="gutentor-single-list-item-icon"><i class="list-item-icon fas fa-arrow-right"></i></span><span class="gutentor-list-item"><p class="gutentor-single-item-title">Apoiar a criação e manutenção de equipamentos sociais destinados às populações carenciadas;</p></span></span></span></li><li class="gutentor-list-item grid-lg-12 grid-md-12 grid-12"><span class="gutentor-single-item gutentor-single-item-3"><span class="gutentor-list-item-wrap"><span class="gutentor-single-list-item-icon"><i class="list-item-icon fas fa-arrow-right"></i></span><span class="gutentor-list-item"><p class="gutentor-single-item-title">Apoiar cidadãos sem abrigo, através do fornecimento de alimentação, vestuário e cuidados básicos de higiene e saúde;</p></span></span></span></li><li class="gutentor-list-item grid-lg-12 grid-md-12 grid-12"><span class="gutentor-single-item gutentor-single-item-4"><span class="gutentor-list-item-wrap"><span class="gutentor-single-list-item-icon"><i class="list-item-icon fas fa-arrow-right"></i></span><span class="gutentor-list-item"><p class="gutentor-single-item-title">Desenvolver projetos de solidariedade social e promover o intercâmbio de atividades sociais, culturais e artísticas com países de língua oficial portuguesa;</p></span></span></span></li><li class="gutentor-list-item grid-lg-12 grid-md-12 grid-12"><span class="gutentor-single-item gutentor-single-item-5"><span class="gutentor-list-item-wrap"><span class="gutentor-single-list-item-icon"><i class="list-item-icon fas fa-arrow-right"></i></span><span class="gutentor-list-item"><p class="gutentor-single-item-title">Desenvolver estudos, projetos e ações de formação no âmbito da intervenção comunitária.</p></span></span></span></li></ul></div>
</div></div>
</div></div></section>
